0761 a prime number?
False
Is 127410697 a prime number?
True
Is 116890381 prime?
False
Is 2469847 composite?
False
Is 123282253 a prime number?
True
Is 12309029 a prime number?
True
Is 136633219 a composite number?
False
Is 35118173 composite?
False
Is 91568641 composite?
False
Is 12637 composite?
False
Is 27994667 a prime number?
True
Is 8375629 a composite number?
True
Is 11267681 a prime number?
True
Is 26941049 composite?
False
Is 65028371 composite?
False
Is 1898179 a prime number?
True
Is 207152339 composite?
True
Is 50134453 composite?
False
Is 2316683 a prime number?
False
Is 54366397 a prime number?
True
Is 85090891 a composite number?
False
Is 446510305 composite?
True
Is 338644333 composite?
True
Is 3274129 prime?
False
Is 28580063 composite?
False
Is 12555529 composite?
True
Is 324419 composite?
False
Is 2723224253 composite?
False
Is 64468903 composite?
True
Is 39256883 a composite number?
True
Is 106235923 composite?
False
Is 142441 composite?
True
Is 1205627 a prime number?
True
Is 249958513 a prime number?
False
Is 14840005 a prime number?
False
Is 1503287 a prime number?
True
Is 79567771 composite?
False
Is 1128167 a prime number?
False
Is 6918167 a composite number?
True
Is 78121619 a composite number?
True
Is 63936289 composite?
True
Is 10391179 a prime number?
True
Is 1927157 composite?
False
Is 955597 prime?
False
Is 19318583 a prime number?
True
Is 47312381 prime?
False
Is 131947787 a composite number?
False
Is 24399499 a composite number?
True
Is 1873793 a composite number?
True
Is 171450403 prime?
False
Is 12344207 composite?
True
Is 386362937 composite?
True
Is 2991517 a prime number?
True
Is 206764235 a composite number?
True
Is 1027679 a composite number?
False
Is 249547847 composite?
True
Is 1256527229 a composite number?
False
Is 375055 prime?
False
Is 160601369 a composite number?
False
Is 24786997 a prime number?
False
Is 10293951 a prime number?
False
Is 1142143 a composite number?
True
Is 3613543 a prime number?
True
Is 60398119 a prime number?
True
Is 6322601 a prime number?
False
Is 1250347 prime?
False
Is 230539 a composite number?
False
Is 2472089 a prime number?
False
Is 228779041 a composite number?
False
Is 83062563 a prime number?
False
Is 42173869 a prime number?
False
Is 14189869 prime?
True
Is 155479019 prime?
True
Is 96907001 a composite number?
False
Is 290671231 a composite number?
True
Is 11711377 a prime number?
True
Is 29130797 composite?
False
Is 3026797 prime?
False
Is 25554811 prime?
True
Is 1292911 composite?
True
Is 65625643 prime?
True
Is 3916019 a composite number?
False
Is 84980897 composite?
True
Is 3289771 a prime number?
False
Is 14065019 a prime number?
False
Is 119790017 composite?
True
Is 372674123 a prime number?
True
Is 4888043 composite?
False
Is 460013 composite?
False
Is 28478839 composite?
False
Is 1582109 a composite number?
False
Is 9484331 composite?
False
Is 7328423 a prime number?
True
Is 27680357 a composite number?
True
Is 6027851 prime?
True
Is 212149657 composite?
False
Is 44150609 a composite number?
False
Is 703747 a prime number?
False
Is 95749703 a prime number?
False
Is 1030913 composite?
True
Is 202831379 a prime number?
False
Is 1105985255 a prime number?
False
Is 111603489 a prime number?
False
Is 39788713 a composite number?
False
Is 334845557 composite?
True
Is 61717429 a composite number?
True
Is 23955199 a composite number?
False
Is 711525013 composite?
False
Is 5908267 prime?
False
Is 46643479 a composite number?
True
Is 11106527 a prime number?
True
Is 13711513 a prime number?
False
Is 27910705 composite?
True
Is 9641917 composite?
False
Is 2246467 a composite number?
False
Is 169042087 a composite number?
False
Is 21032149 prime?
False
Is 873869 a prime number?
False
Is 6506429 a prime number?
True
Is 191223203 a composite number?
False
Is 538112873 composite?
True
Is 228680917 composite?
False
Is 482131 a composite number?
True
Is 10820267 a composite number?
False
Is 3621413 prime?
False
Is 520943 a prime number?
True
Is 19755553 composite?
True
Is 84732559 a prime number?
False
Is 2744921 prime?
True
Is 1319827 a prime number?
False
Is 4042939 a prime number?
True
Is 28226767 a composite number?
False
Is 403255613 composite?
False
Is 61715411 a prime number?
True
Is 462041 a prime number?
True
Is 10380389 a composite number?
True
Is 34127893 composite?
True
Is 2081342 a prime number?
False
Is 106221317 a composite number?
False
Is 13898701 a prime number?
True
Is 40078999 prime?
False
Is 26991893 prime?
False
Is 25486501 a composite number?
False
Is 1264189 a composite number?
False
Is 40080079 a prime number?
False
Is 825929113 prime?
True
Is 50563 a prime number?
False
Is 2026495 a composite number?
True
Is 370621 a composite number?
True
Is 439431887 composite?
True
Is 54753359 prime?
False
Is 129195833 a composite number?
True
Is 12477637 composite?
False
Is 13448521 composite?
False
Is 281753573 a composite number?
False
Is 291553 a prime number?
False
Is 617399546 prime?
False
Is 97012499 prime?
False
Is 4565903 composite?
False
Is 110950699 composite?
False
Is 27516331 prime?
False
Is 110533457 composite?
True
Is 75820271 a prime number?
False
Is 234931 a composite number?
False
Is 7665881 composite?
False
Is 63805523 composite?
True
Is 2187077 a composite number?
False
Is 178021 a composite number?
False
Is 5279801 a prime number?
False
Is 4116206 prime?
False
Is 7003181 composite?
True
Is 38737331 prime?
False
Is 1202741 composite?
False
Is 37018133 composite?
False
Is 104164563 composite?
True
Is 507382981 a prime number?
False
Is 133419515 composite?
True
Is 25426911 a prime number?
False
Is 11124439 a composite number?
False
Is 1530511 composite?
False
Is 6547315 prime?
False
Is 2404817 prime?
False
Is 71648039 prime?
False
Is 5988349 a prime number?
False
Is 3689941 a composite number?
True
Is 139982 a prime number?
False
Is 194017463 a composite number?
True
Is 2942503 composite?
False
Is 101796887 prime?
True
Is 28757381 a prime number?
True
Is 566591 composite?
True
Is 4205683 prime?
False
Is 11808178 a composite number?
True
Is 31693373 prime?
True
Is 16600571 a composite number?
True
Is 37255727 a prime number?
False
Is 32126179 prime?
True
Is 13988417 a prime number?
True
Is 102809219 a composite number?
False
Is 38376241 a prime number?
True
Is 7093883 a prime number?
True
Is 12494743 a prime number?
True
Is 100465373 a prime number?
True
Is 21632795 prime?
False
Is 2587609 a composite number?
False
Is 107163607 prime?
False
Is 13095697 a prime number?
True
Is 1533319 prime?
False
Is 152319971 a prime number?
True
Is 333001 composite?
True
Is 3598549 prime?
True
Is 6089471 a composite number?
False
Is 153734267 a prime number?
False
Is 2521361 a prime number?
True
Is 76062409 a prime number?
True
Is 1503601 prime?
False
Is 1078453 a prime number?
False
Is 318833 a prime number?
True
Is 2365169 composite?
False
Is 252757573 a composite number?
False
Is 22528717 a prime number?
True
Is 22093831 prime?
True
Is 135798763 a prime number?
True
Is 3265907 prime?
True
Is 40859069 a composite number?
False
Is 15842237 a prime number?
False
Is 8910883 composite?
True
Is 1259129419 a prime number?
True
Is 215149433 prime?
False
Is 10295011 composite?
False
Is 24767177 composite?
False
Is 6970337 a composite number?
True
Is 39527797 a prime number?
True
Is 6513613 a composite number?
False
Is 1626589 a prime number?
True
Is 259784081 composite?
True
Is 964753 composite?
False
Is 106045039 a composite number?
False
Is 140840779 prime?
False
Is 1439311 a composite number?
True
Is 7524239 prime?
False
Is 1664683 composite?
True
Is 46675945 a composite number?
True
Is 3274589 composite?
False
Is 18865357 a prime number?
False
Is 5909581 a prime number?
True
Is 276137 a composite number?
False
Is 104020781 a prime number?
True
Is 14108677 prime?
False
Is 70869727 prime?
True
Is 44440609 a prime number?
False
Is 1658309 a prime number?
True
Is 5360591 composite?
False
Is 313033541 prime?
False
Is 266809469 a prime number?
False
Is 10449479 a prime number?
False
Is 3242137 composite?
False
Is 16275359 composite?
True
Is 3365683 prime?
True
Is 8377241 a composite number?
False
Is 401563081 a composite number?
True
Is 219268537 a prime number?
